{"id":50,"date":"2019-08-12T09:44:42","date_gmt":"2019-08-12T09:44:42","guid":{"rendered":"http:\/\/www.yourcomm.cz\/?page_id=50"},"modified":"2025-08-11T16:04:31","modified_gmt":"2025-08-11T14:04:31","slug":"sluzby","status":"publish","type":"page","link":"https:\/\/www.yourcomm.cz\/?page_id=50","title":{"rendered":"Slu\u017eby"},"content":{"rendered":"\n<ul class=\"wp-block-list\">\n<li>P\u0159\u00edprava komunika\u010dn\u00edch pl\u00e1n\u016f<\/li>\n\n\n\n<li>Konzultace komunika\u010dn\u00edch strategi\u00ed farmaceutick\u00e9ho pr\u016fmyslu<\/li>\n\n\n\n<li>Medical writing \u2013 zpr\u00e1vy z\u00a0odborn\u00fdch kongres\u016f, sympozi\u00ed a semin\u00e1\u0159\u016f<\/li>\n\n\n\n<li>P\u0159\u00edprava obsahu informa\u010dn\u00edch bro\u017eur pro pacienty<\/li>\n\n\n\n<li>P\u0159\u00edprava obsahu webov\u00fdch str\u00e1nek pro laickou i odbornou ve\u0159ejnost<\/li>\n\n\n\n<li>P\u0159\u00edprava a realizace rozhovor\u016f s\u00a0osobnostmi \u010desk\u00e9 medic\u00edny<\/li>\n<\/ul>\n\n\n\n<p><\/p>\n","protected":false},"excerpt":{"rendered":"","protected":false},"author":1,"featured_media":0,"parent":0,"menu_order":0,"comment_status":"closed","ping_status":"closed","template":"","meta":{"footnotes":""},"class_list":["post-50","page","type-page","status-publish","hentry"],"_links":{"self":[{"href":"https:\/\/www.yourcomm.cz\/index.php?rest_route=\/wp\/v2\/pages\/50","targetHints":{"allow":["GET"]}}],"collection":[{"href":"https:\/\/www.yourcomm.cz\/index.php?rest_route=\/wp\/v2\/pages"}],"about":[{"href":"https:\/\/www.yourcomm.cz\/index.php?rest_route=\/wp\/v2\/types\/page"}],"author":[{"embeddable":true,"href":"https:\/\/www.yourcomm.cz\/index.php?rest_route=\/wp\/v2\/users\/1"}],"replies":[{"embeddable":true,"href":"https:\/\/www.yourcomm.cz\/index.php?rest_route=%2Fwp%2Fv2%2Fcomments&post=50"}],"version-history":[{"count":2,"href":"https:\/\/www.yourcomm.cz\/index.php?rest_route=\/wp\/v2\/pages\/50\/revisions"}],"predecessor-version":[{"id":101,"href":"https:\/\/www.yourcomm.cz\/index.php?rest_route=\/wp\/v2\/pages\/50\/revisions\/101"}],"wp:attachment":[{"href":"https:\/\/www.yourcomm.cz\/index.php?rest_route=%2Fwp%2Fv2%2Fmedia&parent=50"}],"curies":[{"name":"wp","href":"https:\/\/api.w.org\/{rel}","templated":true}]}}